{"id":32,"date":"2015-07-07T15:47:19","date_gmt":"2015-07-07T15:47:19","guid":{"rendered":"http:\/\/zzfoundation.pl\/?page_id=32"},"modified":"2017-05-08T13:38:21","modified_gmt":"2017-05-08T13:38:21","slug":"main-page","status":"publish","type":"page","link":"https:\/\/zofiazamenhof.pl\/","title":{"rendered":"Strona g\u0142\u00f3wna"},"content":{"rendered":"<p>Fundacja im. Zofii Zamenhof ma na celu propagowanie idei wolno\u015bci, zasad demokracji, r\u00f3\u017cnorodno\u015bci kulturowej oraz tolerancji. Chcemy poprzez swoj\u0105 prac\u0119 pokazywa\u0107 drog\u0119 rozwi\u0105zywania problem\u00f3w spo\u0142ecznych. Pragniemy przyczyni\u0107 si\u0119 do zwi\u0119kszenia poziomu edukacji r\u00f3\u017cnych grup spo\u0142ecznych w krajach gdzie b\u0119dziemy prowadzi\u0107 swoj\u0105 dzia\u0142alno\u015b\u0107 i poprzez swoj\u0105 aktywno\u015b\u0107 wp\u0142ywa\u0107 na procesy integracyjne pomi\u0119dzy narodami. Jeste\u015bmy przekonani, \u017ce tylko edukacja daje szans\u0119 rozwoju i powoduje, \u017ce r\u00f3\u017cnice spo\u0142eczne staj\u0105 si\u0119 mniejsze. Dzi\u0119ki edukacji mo\u017cliwy jest dialog mi\u0119dzykulturowy. St\u0105d nasza dzia\u0142alno\u015b\u0107 b\u0119dzie mia\u0142a r\u00f3wnie\u017c charakter edukacyjny i szkoleniowy, tak\u017ce w aspekcie wsp\u00f3\u0142pracy mi\u0119dzynarodowej. Chcemy r\u00f3wnie\u017c upowszechnia\u0107 postacie, kt\u00f3re nie s\u0105 znane, a kt\u00f3re po\u015bwi\u0119ci\u0142y \u017cycie dla sprawy wolno\u015bci i sprawiedliwo\u015bci. Poni\u017cej sylwetki naszych patron\u00f3w.<\/p>\n<h3>Zofia Zamenhof<\/h3>\n<p>polska lekarz pediatra i internista \u017cydowskiego pochodzenia, c\u00f3rka Ludwika Zamenhofa tw\u00f3rcy j\u0119zyka esperanto. Podczas II wojny \u015bwiatowej zosta\u0142a przesiedlona do getta warszawskiego, gdzie kontynuowa\u0142a prac\u0119 lekarza. W sierpniu 1942 zosta\u0142a wywieziona na Umschlagplatz. Mimo i\u017c, jako lekarz, mia\u0142a mo\u017cliwo\u015b\u0107 nie wej\u015b\u0107 do wagonu, nie chcia\u0142a zostawi\u0107 swoich ma\u0142ych pacjent\u00f3w i razem z nimi pojecha\u0142a do obozu zag\u0142ady w Treblince gdzie zgin\u0119\u0142a w komorze gazowej. Jej symboliczny gr\u00f3b znajduje si\u0119 na cmentarzu \u017cydowskim przy ulicy Okopowej w Warszawie.<\/p>\n<h3>Juliusz Bursche<\/h3>\n<p>duchowny ewangelicki, doktor teologii, wybrany na biskupa Ko\u015bcio\u0142a Ewangelicko-Augsburskiego w II RP. Po wybuchu I wojny \u015bwiatowej w kwietniu 1915 zosta\u0142 zes\u0142any w g\u0142\u0105b Rosji do Orenburga. Po dwuletniej tu\u0142aczce powr\u00f3ci\u0142 do Warszawy na stanowisko g\u0142owy Ko\u015bcio\u0142a Ewangelicko-Augsburskiego w Polsce. Po uzyskaniu niepodleg\u0142o\u015bci przyjecha\u0142 na \u015al\u0105sk Cieszy\u0144ski, by przej\u0105\u0107 ko\u015bcio\u0142y ewangelickie pod zwierzchnictwo konsystorza warszawskiego i powo\u0142a\u0107 diecezj\u0119 \u015bl\u0105sk\u0105 Ko\u015bcio\u0142a Ewangelicko-Augsburskiego. W 1919 przebywa\u0142 we Francji, gdzie jako rzeczoznawca strony polskiej do spraw teren\u00f3w \u015al\u0105ska Cieszy\u0144skiego i by\u0142ych Prus Wschodnich, uczestniczy\u0142 w konferencji pokojowej w Pary\u017cu. Przed\u0142o\u017cy\u0142 tam memoria\u0142 polskich pastor\u00f3w ewangelickich w sprawie przy\u0142\u0105czenia \u015al\u0105ska Cieszy\u0144skiego i G\u00f3rnego \u015al\u0105ska do Polski. W latach 1919-1920 kierowa\u0142 polskim komitetem plebiscytowym podczas przygotowa\u0144 do plebiscytu na Mazurach. W marcu 1920 zosta\u0142 zwierzchnikiem Ko\u015bcio\u0142a Ewangelicko-Augsburskiego w odrodzonej Polsce. W 1928 obj\u0105\u0142 stanowisko prezesa Rady Ko\u015bcio\u0142\u00f3w Ewangelickich w II RP. W 1930 Uniwersytet Warszawski nada\u0142 mu tytu\u0142 doktora honoris causa. Zgin\u0105\u0142 zabity przez gestapo w 1942 r.<\/p>\n<h3>Emil Piotr Barcha\u0144ski<\/h3>\n<p>ur. 1965 w Warszawie &#8211; zm.1982 &#8211; 16 letni ucze\u0144 XI Liceum Og\u00f3lnokszta\u0142c\u0105cego im. Miko\u0142aja Reja w Warszawie, dzia\u0142acz demokratyczny w czasach PRL w okresie w\u0142adzy re\u017cimu gen Wojciecha Jaruzelskiego. 3 marca 1982 zosta\u0142 zatrzymany przez SB w drukarni drugiego obiegu podczas druku publikacji niepodleg\u0142o\u015bciowych i antykomunistycznych. Zabity przez SB, zw\u0142oki wy\u0142owiono z Wis\u0142y. Uwa\u017cany za najm\u0142odsz\u0105 ofiar\u0119 stanu wojennego. W Warszawie przy ul.Bonifraterska 12 na frontonie ko\u015bcio\u0142a \u015aw Jana Bo\u017cego i \u015aw. Andrzeja Aposto\u0142a znajduje si\u0119 po\u015bwi\u0119cona mu p\u0142yta pami\u0105tkowa. 3 maja 2008 r. zosta\u0142 po\u015bmiertnie odznaczony Krzy\u017cem Kawalerskim Orderu Odrodzenia Polski przez prezydenta RP, Lecha Kaczy\u0144skiego.<\/p>","protected":false},"excerpt":{"rendered":"<p>Fundacja im. Zofii Zamenhof ma na celu propagowanie idei wolno\u015bci, zasad demokracji, r\u00f3\u017cnorodno\u015bci kulturowej oraz tolerancji. Chcemy poprzez swoj\u0105 prac\u0119 pokazywa\u0107 drog\u0119 rozwi\u0105zywania problem\u00f3w spo\u0142ecznych. Pragniemy przyczyni\u0107 si\u0119 do zwi\u0119kszenia poziomu edukacji r\u00f3\u017cnych grup spo\u0142ecznych w krajach gdzie b\u0119dziemy prowadzi\u0107 swoj\u0105 dzia\u0142alno\u015b\u0107 i poprzez swoj\u0105 aktywno\u015b\u0107 wp\u0142ywa\u0107 na procesy integracyjne pomi\u0119dzy narodami. Jeste\u015bmy przekonani, \u017ce &hellip; <a href=\"https:\/\/zofiazamenhof.pl\/\" class=\"more-link\">Czytaj dalej <span class=\"screen-reader-text\">Strona g\u0142\u00f3wna<\/span> <span class=\"meta-nav\">&rarr;<\/span><\/a><\/p>\n","protected":false},"author":1,"featured_media":0,"parent":0,"menu_order":0,"comment_status":"closed","ping_status":"open","template":"","meta":{"footnotes":""},"class_list":["post-32","page","type-page","status-publish","hentry"],"_links":{"self":[{"href":"https:\/\/zofiazamenhof.pl\/index.php?rest_route=\/wp\/v2\/pages\/32","targetHints":{"allow":["GET"]}}],"collection":[{"href":"https:\/\/zofiazamenhof.pl\/index.php?rest_route=\/wp\/v2\/pages"}],"about":[{"href":"https:\/\/zofiazamenhof.pl\/index.php?rest_route=\/wp\/v2\/types\/page"}],"author":[{"embeddable":true,"href":"https:\/\/zofiazamenhof.pl\/index.php?rest_route=\/wp\/v2\/users\/1"}],"replies":[{"embeddable":true,"href":"https:\/\/zofiazamenhof.pl\/index.php?rest_route=%2Fwp%2Fv2%2Fcomments&post=32"}],"version-history":[{"count":8,"href":"https:\/\/zofiazamenhof.pl\/index.php?rest_route=\/wp\/v2\/pages\/32\/revisions"}],"predecessor-version":[{"id":84,"href":"https:\/\/zofiazamenhof.pl\/index.php?rest_route=\/wp\/v2\/pages\/32\/revisions\/84"}],"wp:attachment":[{"href":"https:\/\/zofiazamenhof.pl\/index.php?rest_route=%2Fwp%2Fv2%2Fmedia&parent=32"}],"curies":[{"name":"wp","href":"https:\/\/api.w.org\/{rel}","templated":true}]}}